= 3*k, 3 = k. Is i composite?
False
Suppose 2*f = l + 6*f - 10, 0 = -l + 4*f - 6. Let v(k) = 96*k + 6 + 10*k - 2 - l. Is v(2) a prime number?
False
Suppose w = 4*w - 9, -5*c - 5*w = 130. Let n = c + 34. Suppose 3*d - 25 = n. Is d prime?
False
Is 64674 - (-104)/40*-5 composite?
False
Let h be 170*-5 + 1 - (-102)/51. Let o = -510 - h. Is o a prime number?
True
Let v(k) = k**3 - 8*k**2 - 9*k + 2. Let s be v(9). Suppose -s*d = -115 - 63. Is d composite?
False
Let u(v) = v**3 + 27*v**2 - 50*v + 33. Is u(-23) a composite number?
False
Suppose 0 = 14*l - 23931 - 185215. Is l a composite number?
False
Suppose -2626 = -3*v - u - 0*u, -4370 = -5*v - 3*u. Let o = v + -384. Is o a prime number?
False
Let y be (3 - (-1)/1)/2 + 1. Suppose -y*d - 86 = -257. Is d composite?
True
Let z(a) be the first derivative of a**3 - 9*a**2/2 - 14*a - 9. Let y be z(16). Suppose -2*v - v - y = -5*n, 0 = -5*n - 4*v + 575. Is n a prime number?
False
Let j be (-344)/10 - (-18)/45. Let f = -25 - j. Is (-1 + f)/(-4) + 319 a composite number?
False
Suppose 3*h = 9 - 33. Let z = h + 7. Let b = z + 132. Is b a composite number?
False
Suppose 31 = -5*j + 6*j. Let z = j - -468. Is z composite?
False
Let m be 20024/(-6)*((-4)/2 - -5). Is (66/44)/((-6)/m) prime?
True
Let q(i) be the third derivative of i**5/4 - i**4/24 - 5*i**3/6 - 4*i**2. Is q(3) prime?
True
Suppose 3*r + 2*r - 28945 = -5*m, 0 = 5*r - 2*m - 28959. Is r a prime number?
True
Suppose 4*u = -2*r - 32, u + r + 2 + 4 = 0. Let y(x) = x**3 + 9*x**2 - 10*x + 7. Let q be y(u). Let d(o) = o**3 - 7*o**2 + 5*o + 2. Is d(q) a composite number?
False
Let h(l) = 1367*l + 332. Is h(25) a prime number?
False
Suppose -4*n + 8*n + 144 = 0. Let h = -32 - n. Is (-218)/((-4)/(-2) - h) composite?
False
Suppose 5*g = 77 - 17. Suppose g*x + 1517 = 6245. Is x a prime number?
False
Suppose -3*i + 4*z + 2 = 0, 0*i - 6 = 5*i - 2*z. Let r be ((-35)/(-15))/(i/(-372)). Suppose -2*w + w - 5*g + 70 = 0, -r = -5*w + 3*g. Is w a composite number?
True
Let z(h) = 617*h**2 + 23*h + 31. Is z(10) prime?
True
Let f(a) be the third derivative of a**5/60 + a**4/8 - 2*a**3/3 - 2*a**2. Let v be f(-5). Is (1 - -133)*v/4 a composite number?
True
Suppose -g - z = -7059, -3591 = 3*g - 4*z - 24754. Is g composite?
False
Suppose -11*x = -6*x - 122195. Is x a prime number?
True
Let u = -8 + 14. Is (-12588)/8*(-4)/u a composite number?
False
Let p be (-4)/(-3)*(-18)/6. Let f be -1 + p + 0 + 53. Let q = f - -67. Is q prime?
False
Suppose -3*p + 60949 = 4*g, 2*g + 71279 = 4*p - 10023. Is p prime?
True
Suppose -2*b = 0, -4*z + 3*b + 11 = -25. Suppose 0 = 5*w - z*w + 5524. Is w a prime number?
True
Suppose -9*i + 5*i = -28. Let n(q) = 5*q**3 - 3*q**2 - 13. Is n(i) composite?
True
Let g = -1900 + 3459. Is g a prime number?
True
Suppose 14*l - 226 = 12*l. Is l a composite number?
False
Suppose -3*u - 1473 = -0*u. Let q = u - -1078. Is q composite?
False
Suppose -12*q - 73555 = -17*q. Is q a composite number?
True
Let u be (-31)/((-8)/(-10) - 1). Suppose z + 3*z - 20 = 0. Suppose -3*w = 5*m - 59 - 34, u = z*w + m. Is w composite?
False
Let q = 9 - 7. Let m be 2 - (-3)/6*q. Suppose 0 = -o + 3*u + 20, m*o + 0*o = -u + 80. Is o composite?
True
Suppose 2865*v - 2880*v = -65865. Is v a prime number?
True
Let c(l) = 18*l - 5. Let i = -8 + 10. Suppose 7*n - i*n = 25. Is c(n) a prime number?
False
Suppose -5*w = -j + 594, -3*j + 2*w + 603 = -2*j. Suppose -2363 + j = -2*v. Is v composite?
False
Let a be 7/(-7)*(-176 - 0). Suppose -62 = -w - 5*s, 3*s + a = w + w. Is w composite?
True
Let q(r) = -r + 14. Suppose 4*b + 18 = 2*t - 6, -t = -4*b - 12. Let g be q(t). Suppose -g*c + 0*c = -92. Is c composite?
True
Let x = 1 - -24. Suppose 2*n + 3*h = 29 + 96, 0 = -5*h + x. Is n composite?
True
Suppose 3*c - 34467 = 8640. Is c prime?
True
Let q be (-51)/(-9)*3 - 2. Let s = q + -14. Let u(h) = 445*h - 2. Is u(s) prime?
True
Is (6/(-16) - (-4809)/(-168))*-13 a composite number?
True
Let b(m) = -26*m**2 + 2. Let y be b(-5). Let i = 229 - y. Is i prime?
True
Suppose 0 = 2*z - 0*z + 24. Let r = -2 - z. Let t(p) = -p**3 + 14*p**2 + 11*p + 11. Is t(r) prime?
True
Let b be (-21)/28 + 39/4. Suppose b*a - 6*a - 11721 = 0. Is a a prime number?
True
Suppose 1223 = s - 2*u, 0 = -5*u + 2 - 17. Is s prime?
True
Let z(c) = 3317*c - 3. Let s be z(1). Suppose 11*j - s = 9*j. Is j a prime number?
True
Let h = -4 + 20. Suppose -h = -n + 6. Is n prime?
False
Is 55429 - -6 - (-1 + -7) a prime number?
False
Let u(o) = -o**3 + 2*o - 1. Let d be u(-2). Suppose p + 4 = d*p. Is (-1752)/(-16) + 3/p a composite number?
True
Let l(v) = 20*v**2 + 298*v - 53. Is l(-28) prime?
True
Suppose 2*v = -5*s - 655 + 7474, -v - 4*s = -3417. Is v a prime number?
False
Let j(d) = -24*d - 7. Suppose -4*i - 168 = 4*i. Is j(i) a prime number?
False
Let b(i) = 5*i**2 + 4*i - 58 + 0*i**3 + 49 - 3*i**3. Is b(-5) prime?
False
Let y(w) be the second derivative of -33*w**5/20 + w**4/24 + 11*w**3/6 + 10*w. Let n(s) be the second derivative of y(s). Is n(-2) a prime number?
True
Let v be -6*(-6)/(-9)*-1. Suppose -j + 343 = -v*l, -l + 2*l = -3*j + 990. Is j a prime number?
True
Suppose -38*t + 1676820 = 526446. Is t composite?
True
Suppose 579 = 5*o - 2*o. Let z = -43 - -115. Suppose q - o + z = 0. Is q composite?
True
Suppose 5*k - 5084 + 749 = 0. Suppose 1723 = 3*a + h - 696, 4020 = 5*a + 4*h. Suppose -k = -5*i + a. Is i a prime number?
False
Let i be (2/1)/(6/12). Suppose -3*u - 223 = -i*u. Is u a prime number?
True
Let l(w) = -8*w**2 + 3*w + 1. Let g(v) = 1 - 9*v**2 - 5*v**2 + 5*v + 1 - v**2. Let k(j) = -4*g(j) + 7*l(j). Is k(4) a prime number?
True
Suppose 0 = -3*l + l - 4. Let f = 2 + l. Suppose 3*q + q - 76 = f. Is q prime?
True
Is 6802 + (20/4 - 4) a prime number?
True
Let t(g) = 2*g + 14. Let f be t(-7). Suppose -5*n + 4385 = -f*n. Is n a composite number?
False
Let i be (-416)/(-10) + (-4)/(-10). Suppose 0 = 4*n - i - 46. Let r = 49 + n. Is r prime?
True
Let k(w) = -3159*w + 2. Let p(z) = 3160*z - 2. Let f(a) = -3*k(a) - 2*p(a). Let m be f(1). Suppose -4*v = -9*v - 5*g + m, -2*g + 2532 = 4*v. Is v composite?
True
Let c be 3576/(-10) - (9 - (-129)/(-15)). Let f = 665 + c. Is f prime?
True
Suppose 31*i = 7205 + 13782. Is i composite?
False
Let j(g) be the third derivative of 0*g + 11*g**2 - 65/12*g**4 + 0 - 13/6*g**3. Is j(-6) a prime number?
False
Let n = 22528 + -11969. Is n a composite number?
False
Suppose 5*h = -2*x - 11, -5*x - 3*h - 2 = h. Let q(o) be the second derivative of 40*o**3/3 - 3*o**2/2 + 2*o. Is q(x) composite?
False
Let q(z) = -63*z + 3. Let v(x) = -x - 9. Let k be v(-6). Let n be q(k). Suppose 0 = 3*c - 87 - n. Is c composite?
True
Let d be 3/(2*(-5)/(-10)). Is 3 - (-1724)/6*d a prime number?
False
Suppose 5*s - 254 = 3*t, -3*t = -s - 2*s + 258. Let n = 10 + t. Let u = n + 443. Is u prime?
False
Let j be ((-1826)/(-55))/(2/40). Suppose -r + 1043 = 4*w, 2*w = -w - 9. Let h = r - j. Is h a composite number?
True
Suppose 0 = 7*q + 124 - 705. Suppose -q*s = -88*s + 26525. Is s a prime number?
False
Suppose -15 = -0*g - 3*g. Is (-1)/(g - (-34980)/(-6995)) a composite number?
False
Let f be (2/1 + -2)/2. Let g(a) = -a**2 + a + 885. Let p be g(f). Suppose -3*b - 276 = -y - 91, 5*b = -5*y + p. Is y composite?
False
Let w(q) = -5*q**3 + 3*q**2 + 7*q + 4. Is w(-5) a composite number?
True
Suppose b - 1 = 0, -6*z + 2 = -11*z - 3*b. Is 5*(-753)/(3/z) composite?
True
Let r = 606 - 23. Is r a prime number?
False
Suppose -2*x - c + 8602 = 0, -3*x + 5*c = -7*x + 17192. Is x a composite number?
True
Let y = -46 - -89. Suppose -y = -j - 3*m - 2*m, -2*j = m - 104. Suppose -4*p + 3*i = -j, p + 2*i + 1 - 6 = 0. Is p prime?
True
Let z be (24/108)/(1/9). Suppose 4*m = -u + 6459, 3*u - 6459 = z*u - 5*m. Is u composite?
True
Suppose 7*z = -8*z + 8265. Is z a composite number?
True
Let z = 169 - 166. Let k(u) = 42*u**2 + 9*u. Let t be k(7). Suppose -4*o - z*o + t = 0. Is o prime?
False
Suppose 3*k - 2*o + 20 = 2*o, 4*o - 20 = 5*k. Suppose 0*u + 2*u = 5*n - 18, -4*n + 12 = -4*u. Suppose 0 = 3*h + n*y - 779, h - 269 = -k*h + y. Is h composite?
True
Let p be (-3)/(-54)*-4*-9. Suppose -p*c - 3*c = -4*m - 207, -m - 42 = -c. Is c composite?
True
Is 33551 - (1 + 0/8) - 3 prime?
True
Suppose 4*f - f = -c - 12, 32 = -3*c - 5*f. Let p be ((-2)/6)/(1/c)